
-86
Let k(j) = j**2 - 7635*j - 368799. What is k(-48)?
-15
Let b(y) = 46585*y - 372764. Determine b(8).
-84
Let o(b) = -4276*b + 59878. Calculate o(14).
14
Let n(w) = 213*w**3 - 1490*w**2 - 15*w + 90. Calculate n(7).
34
Let o(g) = 352*g + 19508. Give o(-55).
148
Let r(x) = 430*x + 6982. Give r(-15).
532
Let m(v) = -v**3 - 79*v**2 + 2239*v + 1713. Determine m(-101).
-4
Let r(k) = -3602*k**2 + 3581*k + 26. Give r(1).
5
Let f(h) = -17*h**3 - 131*h**2 + 84*h + 53. What is f(1)?
-11
Let n(r) = -4*r**2 - 157*r - 742. What is n(-34)?
-28
Let n(b) = 11*b**3 + 400*b**2 + 1537*b + 8. What is n(-32)?
-24
Let l(f) = f**2 - 47*f + 175. What is l(6)?
-71
Let q(c) = c**3 - 37*c**2 + 107*c - 36. Give q(33).
-861
Let y(d) = -437*d - 5168. Determine y(-12).
76
Let s(f) = 16*f**2 - 8442*f + 8419. Determine s(1).
-7
Let a(o) = -4842*o - 2692139. Determine a(-556).
13
Let y(w) = w**3 - 35*w**2 - 53*w - 172. Determine y(37).
605
Let s(p) = 148*p**3 + 22*p**2 + 140*p - 162. What is s(1)?
148
Let v(a) = -6573*a + 250525. What is v(38)?
751
Let l(t) = 4*t**3 - 277*t**2 - 777*t - 779. What is l(72)?
301
Let p(h) = 9*h**3 + 1173*h**2 + 394*h + 527. Calculate p(-130).
7
Let n(w) = 21*w - 1481. What is n(31)?
-830
Let g(x) = 391*x + 3996. What is g(-11)?
-305
Let z(h) = 1894*h + 492401. Give z(-260).
-39
Let p(i) = -43039*i + 39724994. Give p(923).
-3
Let t(y) = -2*y**3 - 23*y**2 + 192*y + 2014. Calculate t(-13).
25
Let o(q) = q**2 - 2446*q - 64299. Determine o(-26).
-27
Let d(l) = -5*l**3 + 118*l**2 + 358*l - 1204. Give d(26).
-8
Let c(l) = 5*l**2 + 2074*l - 627066. Give c(203).
1
Let p(c) = -1413883*c + 46658128. Calculate p(33).
-11
Let a(z) = -129*z**3 + 24763*z**2 + 963*z - 509. Calculate a(192).
67
Let m(l) = -9*l**3 - 4*l**2 - 24*l + 51. Give m(-3).
330
Let p(x) = 31*x + 2901. Determine p(-69).
762
Let p(f) = -f**3 - 255*f**2 - 168*f - 43506. Calculate p(-255).
-666
Let v(m) = 2081*m - 374569. Calculate v(180).
11
Let z(w) = -268*w**2 + 127281*w + 9024. Calculate z(475).
-1
Let i(m) = 20*m**3 - 794*m**2 - 244*m + 104. What is i(40)?
-56
Let a(f) = 20*f**3 - 83*f**2 - 60*f + 260. Calculate a(5).
385
Let g(q) = q**2 - 248*q + 8339. Determine g(44).
-637
Let y(h) = 399*h - 5538. Determine y(14).
48
Let r(d) = 18*d**3 + 556*d**2 + 1422*d - 951. Calculate r(-28).
1
Let z(a) = -10*a**2 - 487*a + 6063. Calculate z(-59).
-14
Let d(i) = -133*i + 1184. Give d(9).
-13
Let n(b) = 53353*b + 266778. Calculate n(-5).
13
Let g(m) = -62107*m + 372678. Calculate g(6).
36
Let w(u) = -u**3 + 633*u**2 + 5778*u - 53. Give w(-9).
-53
Let u(m) = 3*m**2 + 440*m + 6260. Give u(-16).
-12
Let k(p) = 10*p**2 - 265*p + 7. Give k(7).
-1358
Let w(a) = 2*a**2 - 202*a - 2161. Determine w(111).
59
Let l(j) = j**3 - 204*j**2 + 2899*j - 503961. Give l(202).
29
Let p(j) = -51127*j - 16769654. What is p(-328)?
2
Let l(v) = 25188*v - 251878. Give l(10).
2
Let o(m) = -1804*m + 252554. Determine o(140).
-6
Let k(o) = 2*o**3 + 70*o**2 - 63*o + 61. Determine k(-36).
-263
Let z(f) = 2*f**2 + 85*f - 9297. Give z(-88).
-1289
Let f(x) = 3859*x + 594288. What is f(-154)?
2
Let p(o) = -14*o**2 - 1247*o - 2514. Calculate p(-87).
9
Let h(t) = 5*t**3 + 42*t**2 + 2*t - 345. Determine h(-7).
-16
Let v(t) = -t**2 - 5621*t + 73285. Give v(13).
43
Let w(i) = -3642*i - 3419830. Calculate w(-939).
8
Let x(y) = 8393*y**2 - 10919292*y - 1295. Determine x(1301).
6
Let n(g) = -30*g - 611. Calculate n(-20).
-11
Let d(h) = -h**3 + 482*h**2 + 2906*h + 148. Calculate d(-6).
280
Let p(g) = 44948*g - 224742. What is p(5)?
-2
Let z(r) = -453*r + 9040. Determine z(15).
2245
Let k(z) = -346*z + 1361. What is k(0)?
1361
Let w(i) = 15909*i - 4868141. What is w(306)?
13
Let k(o) = 910*o + 159264. Calculate k(-175).
14
Let c(j) = j**3 - 7*j**2 + 799*j - 6412. What is c(8)?
44
Let o(l) = 49*l**2 + 272*l - 1520. What is o(-9)?
1
Let g(q) = q**2 - 48*q + 460. What is g(54)?
784
Let c(d) = -303533*d - 1214141. What is c(-4)?
-9
Let m(b) = 61618*b - 308095. What is m(5)?
-5
Let r(k) = -k**2 - 54*k - 130. Calculate r(-20).
550
Let m(z) = z**2 - 3417*z + 171650. Give m(51).
-16
Let v(p) = 263193*p - 3158317. Determine v(12).
-1
Let c(y) = 5*y**2 - 1193*y - 469048. Give c(448).
8
Let n(w) = 586*w + 11886. Give n(-20).
166
Let o(k) = k**3 + 28*k**2 - 589*k - 23. What is o(-42)?
19
Let l(m) = 2814*m - 84449. Give l(30).
-29
Let p(k) = -7940*k - 6614027. Give p(-833).
-7
Let r(k) = 1465*k + 295975. Determine r(-202).
45
Let f(d) = -87*d**2 - 4447*d + 8980. Calculate f(-53).
288
Let g(y) = 38641*y + 1816135. What is g(-47)?
8
Let r(l) = -3*l**3 - 423*l**2 - 3579*l - 19. Determine r(-9).
116
Let r(n) = -n**2 + 463*n + 75658. Determine r(591).
10
Let a(x) = x**3 - 41*x**2 - 68*x + 2660. What is a(41)?
-128
Let y(r) = -5*r**3 - 122*r**2 - 247*r - 14. What is y(-2)?
32
Let m(i) = -2424*i + 24351. Calculate m(10).
111
Let u(k) = 38*k**2 - 1754*k + 3612. Give u(44).
4
Let f(p) = -2*p**2 - 2257*p + 248355. Determine f(101).
-4
Let y(w) = 48*w**3 + 4*w**2 + 172*w + 633. Calculate y(-4).
-3063
Let w(q) = q**3 + 76*q**2 + 704*q - 326. Determine w(-65).
389
Let v(j) = -24*j**2 - 31*j + 2. Determine v(-4).
-258
Let w(y) = 727*y - 12083. Give w(13).
-2632
Let m(y) = -2*y**2 + 1144*y - 126600. Calculate m(422).
0
Let s(i) = 4146*i + 982604. Calculate s(-237).
2
Let k(z) = z**3 - 268*z**2 + 268*z - 238. Calculate k(267).
29
Let x(s) = -3*s**2 - 100264*s - 601473. Calculate x(-6).
3
Let b(d) = -21*d**2 - 1411*d - 172. Calculate b(-67).
96
Let p(s) = -25798*s**2 - 232253*s - 643. Calculate p(-9).
-4
Let l(j) = 5*j**2 - 4064*j + 142850. Determine l(776).
66
Let f(b) = 18*b**2 - 556*b - 134. Give f(31).
-72
Let b(t) = t**3 - 369*t**2 + 15437*t - 1377. Give b(48).
15
Let m(u) = -2*u**2 - 61*u + 79. What is m(-17)?
538
Let h(m) = -5*m**3 - 898*m**2 - 1423*m + 209. Calculate h(-178).
31
Let r(v) = -3*v**3 - 25*v**2 - 14*v - 47. Give r(-8).
1
Let b(d) = d**2 + 10556*d - 733131. What is b(69)?
-6
Let y(c) = 2*c**3 + 374*c**2 + 8902*c - 370. Give y(-159).
-52
Let o(r) = 110*r + 105. Determine o(-14).
-1435
Let i(o) = o**3 + 1198*o**2 + 48560*o + 333. Determine i(-42).
-3
Let s(z) = 1376*z - 309595. Determine s(225).
5
Let j(i) = 4372*i + 642623. Determine j(-147).
-61
Let k(f) = -402*f + 23569. Calculate k(60).
-551
Let u(r) = -77*r + 4509. What is u(32)?
2045
Let u(d) = -1133*d - 428324. Give u(-378).
-50
Let o(v) = -4772*v - 6359. What is o(-2)?
3185
Let v(i) = -2*i**2 + 9553*i + 688353. Give v(-71).
8
Let g(t) = t**2 + 13139*t - 1030907. Calculate g(78).
19
Let h(v) = 282*v - 2818. What is h(6)?
-1126
Let u(m) = -m**3 + 60*m**2 - 563*m + 900. Give u(19).
5004
Let x(p) = -2*p**3 - 22*p**2 - 362*p + 1891. Calculate x(4).
-37
Let t(m) = m**3 + 10*m**2 + 25*m + 1170. Determine t(-14).
36
Let b(o) = -o**2 - 1518*o - 108605. Determine b(-75).
-380
Let q(j) = 59204*j - 4736289. Calculate q(80).
31
Let y(q) = -2787*q + 36010. What is y(13)?
-221
Let c(x) = -x**3 + 19*x**2 + 86*x - 104. What is c(23)?
-242
Let x(h) = 19556*h + 1544926. What is x(-79)?
2
Let b(n) = -40783*n + 1223508. What is b(30)?
18
Let k(c) = -3*c**3 - 6*c**2 + 740*c + 4986. Determine k(-7).
541
Let y(a) = 4*a**2 + 12*a - 129. Give y(-22).
1543
Let l(b) = 2*b**3 - 267*b**2 + 4811*b + 695. Give l(112).
135
Let q(n) = -n**2 + 201*n - 3621. Calculate q(20).
-1
Let z(w) = -w**3 - 5172*w**2 - 45*w + 7. Calculate z(0).
7
Let a(z) = z**3 + 12*z**2 - 1363*z - 15214. Calculate a(-11).
-100
Let t(d) = 22502*d - 22623. Determine t(1).
-121
Let o(z) = -440*z - 182605. Give o(-415).
-5
Let m(c) = -5640*c - 25739. Determine m(-5).
2461
Let i(c) = -29*c**2 + 373*c - 1189. What is i(7)?
1
Let q(g) = 2*g**3 + 201*g**2 - 515*g + 448. Give q(-103).
448
Let p(u) = 144*u + 3106. What is p(-22)?
-62
Let g(a) = a**3 + 3834*a + 7679. Calculate g(-2).
3
Let h(n) = 5*n**2 + 150*n - 2990. What is h(14)?
90
Let z(r) = 9*r**2 + 32309*r - 291504. What is z(9)?
6
Let m(p) = -9777*p - 38639. Calculate m(-4).
469
Let w(k) = k**3 - 542*k**2 + 54202*k - 10827. Calculate w(132).
-3
Let d(m) = -80171*m - 320625. Calculate d(-4).
59
Let t(b) = -237*b - 2980. What is t(-13)?
101
Let m(p) = 3355*p - 21647. What is m(6)?
-1517
Let y(w) = 40579*w - 121746. Calculate y(3).
-9
Let p(x) = -x**3 + 16*x**2 + 738*x - 12647. What is p(18)?
-11
Let g(z) = 